s digit of 618045?
8
What is the hundred thousands digit of 5550963?
5
What is the millions digit of 17282480?
7
What is the units digit of 501290?
0
What is the hundreds digit of 60920?
9
What is the hundreds digit of 188739?
7
What is the tens digit of 3760953?
5
What is the units digit of 91132?
2
What is the units digit of 18648279?
9
What is the tens digit of 2836355?
5
What is the tens digit of 20081137?
3
What is the hundreds digit of 598005?
0
What is the hundred thousands digit of 245410?
2
What is the hundreds digit of 256477?
4
What is the hundreds digit of 1504169?
1
What is the units digit of 6021505?
5
What is the hundred thousands digit of 15363813?
3
What is the units digit of 856275?
5
What is the hundreds digit of 216622?
6
What is the millions digit of 4538677?
4
What is the hundred thousands digit of 2528317?
5
What is the thousands digit of 151049?
1
What is the units digit of 38623?
3
What is the ten thousands digit of 470289?
7
What is the hundreds digit of 919616?
6
What is the millions digit of 1219742?
1
What is the hundred thousands digit of 800999?
8
What is the hundred thousands digit of 17855504?
8
What is the hundred thousands digit of 339910?
3
What is the hundred thousands digit of 13013868?
0
What is the ten millions digit of 20445008?
2
What is the hundreds digit of 212849?
8
What is the hundreds digit of 121459?
4
What is the hundreds digit of 11557068?
0
What is the units digit of 2304723?
3
What is the millions digit of 27792673?
7
What is the hundreds digit of 11398731?
7
What is the hundred thousands digit of 162754?
1
What is the tens digit of 27710655?
5
What is the units digit of 577279?
9
What is the tens digit of 1911656?
5
What is the millions digit of 1309283?
1
What is the tens digit of 147398?
9
What is the thousands digit of 5942105?
2
What is the thousands digit of 263748?
3
What is the hundred thousands digit of 9797387?
7
What is the ten thousands digit of 128853?
2
What is the ten thousands digit of 1235522?
3
What is the ten thousands digit of 258424?
5
What is the thousands digit of 405841?
5
What is the units digit of 124642?
2
What is the thousands digit of 4888609?
8
What is the hundreds digit of 88965?
9
What is the ten thousands digit of 2536763?
3
What is the ten thousands digit of 4126930?
2
What is the thousands digit of 1880108?
0
What is the tens digit of 359073?
7
What is the hundreds digit of 6209202?
2
What is the thousands digit of 23942246?
2
What is the hundreds digit of 25421712?
7
What is the hundred thousands digit of 6101180?
1
What is the ten thousands digit of 1558311?
5
What is the hundreds digit of 10938341?
3
What is the tens digit of 19973288?
8
What is the millions digit of 9528559?
9
What is the millions digit of 1209108?
1
What is the hundred thousands digit of 371201?
3
What is the millions digit of 6898347?
6
What is the thousands digit of 245790?
5
What is the ten thousands digit of 302552?
0
What is the ten thousands digit of 54076?
5
What is the ten thousands digit of 271316?
7
What is the units digit of 6445678?
8
What is the tens digit of 1812032?
3
What is the millions digit of 13997550?
3
What is the ten thousands digit of 320498?
2
What is the thousands digit of 44867?
4
What is the millions digit of 2047342?
2
What is the thousands digit of 2214126?
4
What is the units digit of 21108164?
4
What is the units digit of 561088?
8
What is the units digit of 553804?
4
What is the thousands digit of 491203?
1
What is the millions digit of 3142149?
3
What is the thousands digit of 3889126?
9
What is the millions digit of 4722730?
4
What is the tens digit of 16367770?
7
What is the thousands digit of 308148?
8
What is the millions digit of 1597058?
1
What is the hundred thousands digit of 1756969?
7
What is the ten millions digit of 12385600?
1
What is the tens digit of 9268325?
2
What is the millions digit of 1062884?
1
What is the millions digit of 3639284?
3
What is the ten thousands digit of 217759?
1
What is the millions digit of 1413835?
1
What is the hundred thousands digit of 6035988?
0
What is the hundred thousands digit of 3601396?
6
What is the thousands digit of 627647?
7
What is the hundreds digit of 1001016?
0
What is the thousands digit of 150880?
0
What is the millions digit of 2199894?
2
What is the ten millions digit of 19311508?
1
What is the millions digit of 4958147?
4
What is the hundreds digit of 7411965?
9
What is the hundreds digit of 62286?
2
What is the thousands digit of 5963644?
3
What is the hundreds digit of 211363?
3
What is the ten thousands digit of 3318649?
1
What is the hundred thousands digit of 1805726?
8
What is the units digit of 5740647?
7
What is the hundred thousands digit of 829285?
8
What is the units digit of 748831?
1
What is the thousands digit of 6644742?
4
What is the ten thousands digit of 972007?
7
What is the hundred thousands digit of 28635146?
6
What is the thousands digit of 434028?
4
What is the units digit of 199681?
1
What is the thousands digit of 3699550?
9
What is the units digit of 641418?
8
What is the units digit of 1342062?
2
What is the units digit of 1086289?
9
What is the units digit of 10065979?
9
What is the tens digit of 222662?
6
What is the units digit of 45128?
8
What is the units digit of 1731023?
3
What is the thousands digit of 363265?
3
What is the tens digit of 195974?
7
What is the hundred thousands digit of 647145?
6
What is the hundred thousands digit of 791220?
7
What is the hundred thousands digit of 311146?
3
What is the tens digit of 1176486?
8
What is the hundred thousands digit of 993308?
9
What is the hundreds digit of 9976456?
4
What is the thousands digit of 10783341?
3
What is the hundreds digit of 1301511?
5
What is the tens digit of 1204227?
2
What is the ten thousands digit of 3905536?
0
What is the units digit of 1267151?
1
What is the units digit of 527940?
0
What is the hundred thousands digit of 14421855?
4
What is the hundred thousands digit of 8986855?
9
What is the units digit of 86617?
7
What is the units digit of 5173653?
3
What is the thousands digit of 2870154?
0
What is the tens digit of 10807852?
5
What is the hundreds digit of 1229576?
5
What is the hundred thousands digit of 455153?
4
What is the ten thousands digit of 1233453?
3
What is the hundreds digit of 1608466?
4
What is the ten thousands digit of 211856?
1
What is the hundreds digit of 3569259?
2
What is the units digit of 10215080?
0
What is the thousands digit of 716807?
6
What is the hundreds digit of 11006052?
0
What is the hundred thousands digit of 682510?
6
What is the units digit of 14937942?
2
What is the thousands digit of 185158?
5
What is the hundred thousands digit of 42249534?
2
What is the ten millions digit of 11391981?
1
What is the hundred thousands digit of 2187531?
1
What is the hundreds digit of 3568816?
8
What is the units digit of 97860?
0
What is the thousands digit of 876943?
6
What is the hundred thousands digit of 25441411?
4
What is the units digit of 2341167?
7
What is the hundred thousands digit of 6522536?
5
What is the tens digit of 163758?
5
What is the thousands digit of 1478788?
8
What is the tens digit of 2378138?
3
What is the tens digit of 465548?
4
What is the ten thousands digit of 206372?
0
What is the hundreds digit of 138460?
4
What is the hundred thousands digit of 534210?
5
What is the units digit of 230915?
5
What is the thousands digit of 420474?
0
What is the hundred thousands digit of 3495991?
4
What is the millions digit of 6377498?
6
What is the ten thousands digit of 1043021?
4
What is the thousands digit of 8691211?
1
What is the thousands digit of 4060279?
0
What is the tens digit of 134127?
2
What is the units digit of 971018?
8
What is the ten thousands digit of 1713826?
1
What is the tens digit of 3753071?
7
What is the ten thousands digit of 717357?
1
What is the hundred thousands digit of 103859?
1
What is the ten thousands digit of 234377?
3
What is the ten millions digit of 13174442?
1
What is the ten thousands digit of 3213606?
1
What is the tens digit of 1494285?
8
What is the tens digit of 13738140?
4
What is the hundred thousands digit of 1386482?
3
What is the thousands digit of 743688?
3
What is the hundreds digit of 285